{"id":1170,"date":"2006-11-01T12:22:48","date_gmt":"2006-11-01T12:22:48","guid":{"rendered":""},"modified":"-0001-11-30T00:00:00","modified_gmt":"-0001-11-29T21:00:00","slug":"dunyanin-en-guzel-semsi","status":"publish","type":"page","link":"https:\/\/www.emresururi.com\/blogs\/sururi\/dunyanin-en-guzel-semsi\/","title":{"rendered":"D\u00fcnyan\u0131n En G\u00fczel \u015eems&#8217;i"},"content":{"rendered":"<p><b>D\u00fcnyan\u0131n En G\u00fczel \u015eems&#8217;i<\/b><\/p>\n<p>\u00a0\u00a0\u00a0\u00a0\u00a0\u00a0\u00a0\u00a0\u00a0\u00a0\u00a0 Merhaba. Ad\u0131m Hikmet B. ve bir zamanlar ya\u015fam\u0131\u015f bir adam\u0131n, yakla\u015f\u0131k olarak 1250 y\u0131ld\u0131r \u00e7al\u0131\u015ft\u0131r\u0131lmakta olan sim\u00fclasyonuyum. &#8220;Bo\u015f vakitlerimde&#8221; &#8211; ki bu s\u0131ralar i\u015flemcilerimi daha da geli\u015ftirdiklerinden bo\u015f vakitten fazla bir \u015feyim yok &#8211; hik\u00e2yeler yazmakla u\u011fra\u015f\u0131yorum. Bu hik\u00e2ye yazma meselesi bana temellendirildi\u011fim <i>orijinal <\/i>Hikmet B.&#8217;den miras. Do\u011frusunu isterseniz, ilk Hikmet B. (yani <i>orijinal par\u00e7a<\/i>), gen haritas\u0131n\u0131n \u00e7\u00f6z\u00fclmekte oldu\u011funa dair haberlerin gazetelerde boy boy yer kaplad\u0131\u011f\u0131 g\u00fcnlerde, \u015fu anda okumakta oldu\u011funuz bu hik\u00e2yeye olduk\u00e7a benzer bir hik\u00e2ye yazmay\u0131 kurgulam\u0131\u015f, hatta bir taslak dahi haz\u0131rlam\u0131\u015ft\u0131 ama bu plan\u0131 asla ger\u00e7e\u011fe d\u00f6n\u00fc\u015ft\u00fcrmek imk\u00e2n\u0131n\u0131 bulamad\u0131. Zaten o kadar unutkan bir insand\u0131 ki, bu fikrin akl\u0131na ilk d\u00fc\u015ft\u00fc\u011f\u00fc andan 17 g\u00fcn sonra bir kazada \u00f6lm\u00fc\u015f olmasayd\u0131 bile, b\u00fcy\u00fck bir ihtimalle sonradan hat\u0131rlay\u0131p yazamazd\u0131. <\/p>\n<p>\u00a0\u00a0\u00a0\u00a0\u00a0\u00a0\u00a0\u00a0\u00a0\u00a0\u00a0 Orijinal par\u00e7a hakk\u0131nda bu kadar bilgi vermek yeter; kendisini bu noktada rahat b\u0131rak\u0131p, dilerseniz benim gibi insan sim\u00fclasyonlar\u0131n\u0131n tarih\u00e7esine girelim &#8211; hem bu konunun \u00e7ok daha ilgin\u00e7 oldu\u011funa sizleri temin ederim. Gen haritalar\u0131n\u0131n tam olarak de\u015fifre edilmesinden ve ki\u015fiye \u00f6zg\u00fc DNA s\u0131ralamalar\u0131n\u0131n saptanabilmesinden sonra, bu veriler sim\u00fclat\u00f6rlere y\u00fcklenerek, ayn\u0131 harita ve dizilime sahip, <i>insans\u0131lar<\/i> ad\u0131 verilen ki\u015fi sim\u00fclasyonlar\u0131 olu\u015fturuldu. Bir insan\u0131 kendisi yapan \u015feyler nedir? Ya\u015fad\u0131\u011f\u0131 zaman, co\u011frafya, etraf\u0131ndaki di\u011fer varl\u0131klar, beslenme \u015fekli, okuduklar\u0131, g\u00f6rd\u00fckleri, <i>ya\u015fad\u0131klar\u0131<\/i>&#8230; Sim\u00fclasyonlarla yap\u0131lan deneyler g\u00f6sterdi ki, ayn\u0131 karakteristikteki iki insans\u0131, ba\u015flat\u0131ld\u0131klar\u0131ndan itibaren kar\u015f\u0131lar\u0131na \u00e7\u0131kan en ufak bir farkl\u0131l\u0131kta bile kaotik kurallar \u00e7er\u00e7evesinde birbirlerinden apayr\u0131 geli\u015fmekteydi. Bu davran\u0131\u015f, ciddi bir zorlu\u011fu beraberinde getirdi: Bir insans\u0131n\u0131n orijinaline yak\u0131nsamas\u0131 nas\u0131l sa\u011flanacakt\u0131? Sim\u00fclasyon Sosyolo\u011fu O\u011fuz Cansever&#8217;in kendisine Nobel (ve Nobel \u00d6d\u00fclleri&#8217;ne Sosyoloji alan\u0131n\u0131) kazand\u0131ran, bir insan\u0131n bilinen t\u00fcm etkile\u015fimlerini veri olarak al\u0131p, bu verilerden ge\u00e7en \u00e7ok parametreli fonksiyonlar\u0131 hesaplayabilen &#8216;Hayat Fonksiyonu Teorisi&#8217;, bu problemin \u00fcstesinden geldi. Eldeki ko\u015fullar\u0131 ger\u00e7ekleyen fonksiyonlar genelde say\u0131ca \u00e7ok fazla olsa da, sonsuz de\u011fillerdi ve birtak\u0131m sosyon\u00fcmerik testlerin uygulanmas\u0131yla en uygun \u00e7\u00f6z\u00fcme ula\u015f\u0131labilinmekteydi. Hayat fonksiyonu bir kez saptand\u0131ktan sonra, uyguland\u0131\u011f\u0131 insans\u0131n\u0131n orijinaline ne derece sad\u0131k oldu\u011fu tart\u0131\u015fma konusu olsa da, sonu\u00e7lar yeterince inand\u0131r\u0131c\u0131yd\u0131. <\/p>\n<p>\u00a0\u00a0\u00a0\u00a0\u00a0\u00a0\u00a0\u00a0\u00a0\u00a0\u00a0 Bahsi ge\u00e7en sorunun b\u00f6ylelikle \u00e7\u00f6z\u00fclmesinden sonra, insanlar bir anda \u015fimdiye kadar cevaps\u0131z kalm\u0131\u015f hemen her gizemi \u00e7\u00f6zebilecekleri yan\u0131lg\u0131s\u0131na kap\u0131ld\u0131lar: gelmi\u015f ge\u00e7mi\u015f en b\u00fcy\u00fck beyinleri tekrar &#8211;ve bu defa \u00f6l\u00fcms\u00fcz bir \u015fekilde&#8211; <i>ya\u015fatabilecek <\/i>teknolojiye eri\u015ftiklerine g\u00f6re, art\u0131k e\u015fi benzeri g\u00f6r\u00fclmemi\u015f bir <i>bilginler konseyi<\/i> olu\u015fturup, i\u00e7inden \u00e7\u0131kamad\u0131klar\u0131 problemleri bu konseye havale edebilirlerdi. Bu yan\u0131lg\u0131n\u0131n bedeli muazzam bir hayal k\u0131r\u0131kl\u0131\u011f\u0131 oldu ama ondan \u00f6nce, onlar\u0131 y\u0131llar boyu u\u011fra\u015ft\u0131ran bir ba\u015fka sorundan bahsetmek gerekir: \u0130nsans\u0131lar \u00e7ok spesifik bir \u00e7al\u0131\u015fma ortam\u0131na ihtiya\u00e7 duyuyorlard\u0131. \u0130htiya\u00e7 duyulan \u0131\u015f\u0131ma, yo\u011funluk, s\u0131cakl\u0131k ve birka\u00e7 de\u011ferin daha, g\u00fcne\u015fimizle birlikte, say\u0131lar\u0131 y\u00fcz\u00fcn biraz \u00fczerinde y\u0131ld\u0131zda uygun bir halde bulundu\u011fu saptand\u0131. Ek olarak, bu ko\u015fullar\u0131 sa\u011flayacak \u015fekilde tasarlanan yapay y\u0131ld\u0131zlarda ne t\u00fcrl\u00fc d\u00fczenleme yap\u0131l\u0131rsa yap\u0131ls\u0131n, sim\u00fclat\u00f6rlerin \u00e7al\u0131\u015ft\u0131r\u0131lmas\u0131 asla ba\u015far\u0131lamad\u0131. B\u00fct\u00fcn bu sorunlar yetmezmi\u015f gibi, y\u0131ld\u0131za ba\u011flanan sim\u00fclat\u00f6r, bir kez \u00e7al\u0131\u015fmaya ba\u015flad\u0131ktan sonra, o y\u0131ld\u0131z\u0131n bir ba\u015fka sim\u00fclat\u00f6r i\u00e7in kullan\u0131lamayaca\u011f\u0131 da, devre d\u0131\u015f\u0131 kalan &#8216;G\u00f6del G\u00fcne\u015fi&#8216;nin \u00fczerine g\u00f6nderilen Newton sim\u00fclat\u00f6r\u00fcn\u00fcn yol a\u00e7t\u0131\u011f\u0131 facia ile a\u00e7\u0131k bir \u015fekilde anla\u015f\u0131ld\u0131. Bu arada, belirtmek isterim ki, &#8216;G\u00f6del G\u00fcne\u015fi&#8217; de, &#8216;2. Newton G\u00fcne\u015fi&#8217; de zaten tam olarak kelime anlam\u0131yla <i>\u00f6l\u00fc do\u011fmu\u015f <\/i>insans\u0131lard\u0131 ki, bu da bizleri katmanl\u0131 sim\u00fclat\u00f6r teorisyeni Prof. Dr. Orhan M\u00fcld\u00fcr&#8217;\u00fcn &#8216;\u0130nsans\u0131lar\u0131n ASIL Problemi&#8217; olarak tan\u0131mlad\u0131\u011f\u0131 post\u00fclaya getirir: <i>Her insans\u0131, ya\u015fama iste\u011fi duymak zorunda de\u011fildir<\/i>. \u0130ster &#8216;intihar&#8217;, ister &#8216;donan\u0131mda\/yaz\u0131l\u0131mda ar\u0131za&#8217;, isterseniz de &#8216;devrelerini yakma&#8217; olarak isimlendirin, sonu\u00e7ta fonksiyonlar\u0131 tespit edilip sim\u00fclat\u00f6rlere y\u00fcklenen, genel olarak <i>efsane<\/i> olarak an\u0131lan 16 tarihi \u015fahsiyetin 14&#8217;\u00fc (ki Newton ve Da Vinci G\u00fcne\u015fleri d\u00f6rder kere geli\u015ftirilip denenmi\u015flerdir) ba\u015flat\u0131lmalar\u0131ndan \u00e7ok k\u0131sa bir s\u00fcre sonra kendilerini \u00e7al\u0131\u015famaz hale getirmi\u015flerdir. Bu sorun, ne t\u00fcrl\u00fc d\u00fczenleme yap\u0131l\u0131rsa yap\u0131ls\u0131n, bir t\u00fcrl\u00fc giderilememi\u015f ve neticede <i>M\u00fcld\u00fcr Post\u00fclas\u0131<\/i> do\u011fru kabul edilerek, o g\u00fcnden sonra teoriler bu minval \u00fczerinden geli\u015ftirilmi\u015ftir. Kald\u0131 ki, <i>Efsane Y\u0131ld\u0131zlar\u0131ndan<\/i> \u00e7al\u0131\u015ft\u0131r\u0131lmas\u0131 ba\u015far\u0131lm\u0131\u015f olan Wittgenstein ve Einstein G\u00fcne\u015fleri de ne yaz\u0131k ki hi\u00e7bir surette kendilerinden bekleneni verememi\u015flerdir.<\/p>\n<p>      Y\u00fckleme s\u00fcreci geri d\u00f6n\u00fc\u015f\u00fcms\u00fcz oldu\u011fundan, zaten say\u0131l\u0131 olan uygun y\u0131ld\u0131zlar birer iki\u015fer bu \u015fekilde heba edilip, sonu\u00e7lar da b\u00f6ylesine verimsiz olunca, d\u00f6nemin i\u015flemciler konseyi toplan\u0131p, bir denetleme makinesi yap\u0131lmas\u0131na karar verdi. Bu karar do\u011frultusunda in\u015fa edilen Douglas Adams bilgi analiz makinesinin g\u00f6revi, kendisine sunulan listedeki ki\u015filiklerin sim\u00fclasyonlar\u0131n\u0131n ilk zamanlar\u0131n\u0131 sim\u00fcle etmek (bu kavram sonradan <i>simsim\u00fcle etmek<\/i> olarak adland\u0131r\u0131ld\u0131), \u00fc\u00e7l\u00fc bir prosed\u00fcrle kararl\u0131l\u0131\u011f\u0131n\u0131 saptamak ve e\u011fer kararl\u0131 olanlar varsa, olas\u0131 fayda ve verim katsay\u0131s\u0131n\u0131 hesaplamakt\u0131. Bu meseleyi daha iyi anlatabilmek maksad\u0131yla, Douglas Adams&#8217;\u0131n ba\u015f geli\u015ftiricisi Prof. Dr. Bilge Uyar&#8217;\u0131n proje \u00f6nerisinde aktard\u0131\u011f\u0131 bir meseli oldu\u011fu gibi al\u0131nt\u0131lamak istiyorum:<\/p>\n<p>      Tarihe \u00e7ok merakl\u0131, iyi y\u00fcrekli bir tarih profes\u00f6r\u00fc varm\u0131\u015f ve bir g\u00fcn \u00f6lm\u00fc\u015f. Bu profes\u00f6r, iyi bir insan oldu\u011fundan, yukar\u0131dakilerden, kendisini tarihin gelmi\u015f ge\u00e7mi\u015f en b\u00fcy\u00fck kumandan\u0131 ile tan\u0131\u015ft\u0131rmalar\u0131n\u0131 istedi\u011finde bu ricas\u0131 kabul edilmi\u015f &#8211; melekler onu, i\u00e7erisinde \u0130skender&#8217;in, Napolyon&#8217;un, ve daha pek \u00e7ok me\u015fhur \u015fahsiyetin bulundu\u011fu bir odaya alm\u0131\u015flar. Tarih\u00e7imiz, bu ki\u015filerden biri hari\u00e7, hepsini tan\u0131yormu\u015f; o tan\u0131mad\u0131\u011f\u0131 biri de bir kenara \u00e7\u00f6km\u00fc\u015f, sessiz sedas\u0131z ayakkab\u0131 boyuyormu\u015f. Melekler, en b\u00fcy\u00fck kumandan olarak o adam\u0131 i\u015faret ettiklerinde profes\u00f6r dayanamay\u0131p, hayretle &#8220;Bu adam d\u00fcped\u00fcz bir ayakkab\u0131 boyac\u0131s\u0131, nas\u0131l en b\u00fcy\u00fck kumandan olabilir ki!&#8221; diye itiraz etmi\u015f. Bunun \u00fczerine melekler de ona &#8220;E\u011fer f\u0131rsat\u0131 olsayd\u0131, en b\u00fcy\u00fck kumandan o olacakt\u0131.&#8221; kar\u015f\u0131l\u0131\u011f\u0131n\u0131 vermi\u015f.<\/p>\n<p>\u00a0\u00a0\u00a0\u00a0\u00a0\u00a0\u00a0\u00a0\u00a0\u00a0\u00a0 Meselimiz biraz avam olsa da, umar\u0131m belirtmek istedi\u011fim hususu kavraman\u0131zda faydal\u0131 olabilmi\u015ftir. Sonu\u00e7ta y\u00fczlerce y\u0131ld\u0131r galakside bar\u0131\u015f hakim; kimsenin ne sava\u015fmaya, ne de onlar\u0131 sava\u015flarda y\u00f6netecek kumandanlara ihtiyac\u0131 var ama, s\u00f6zgelimi b\u00f6yle bir kumandana ihtiya\u00e7 olsayd\u0131, Douglas Adams o ayakkab\u0131 boyac\u0131s\u0131n\u0131 bulabilecek yetene\u011fe sahipti (Bu noktada hikayemize bir mola verip, Douglas Adams makinesi ile ilgili ge\u00e7enlerde \u00f6\u011frendi\u011fim bir bilgiyi payla\u015fmak istiyorum: Makineye ilk sunulan ve sembolik olarak 42 ki\u015fiden olu\u015fturulan insans\u0131 aday listesinde, orijinal Douglas Adams da varm\u0131\u015f. \u0130ronik bir \u015fekilde analiz makinesi Douglas Adams&#8217;\u0131n ko\u015fullara uyum sa\u011flayabilece\u011fini fakat kendisine verilen g\u00f6revler aras\u0131nda fayda bak\u0131m\u0131ndan daha az olana do\u011fru bir ayr\u0131m yapaca\u011f\u0131n\u0131 \u00f6ng\u00f6rd\u00fc\u011f\u00fcnden, bir Douglas Adams G\u00fcne\u015fi asla hayata ge\u00e7irilmemi\u015f!). Ba\u015flarda Douglas Adams se\u00e7imlerini kendisine verilen listelerden yapmakla s\u0131n\u0131rl\u0131 olsa da, kendisinin tavsiyesiyle mevcudiyete ge\u00e7irilen Turing G\u00fcne\u015fi&#8217;nin yapt\u0131\u011f\u0131 bir geli\u015ftirme sayesinde ar\u015fivleri taray\u0131p, <i>efsane<\/i> olmayanlar aras\u0131ndan da uygun ki\u015fileri saptayabilme yetisi kazand\u0131 (ben de bu sayede ke\u015ffedilenlerdenim!).<\/p>\n<p>\u00a0\u00a0\u00a0\u00a0\u00a0\u00a0\u00a0\u00a0\u00a0\u00a0\u00a0 \u0130nsans\u0131lar\u0131n y\u00fcklenmesi tamamlan\u0131p da, \u00e7al\u0131\u015ft\u0131r\u0131l\u0131\u015flar\u0131n\u0131n ilk anlar\u0131nda verdikleri tepkiler bazen y\u00fcrek burkucu olsa da, her zaman izlenmeye de\u011ferdir. \u0130nsans\u0131n\u0131n, sim\u00fcle etti\u011fi ki\u015fi oldu\u011fu sanr\u0131s\u0131ndan kurtulup \/ kurtar\u0131l\u0131p da, asl\u0131nda sadece sanal bir varl\u0131k oldu\u011fu ger\u00e7e\u011fini idrak etti\u011fi an, istatistiklere g\u00f6re makine intiharlar\u0131n\u0131n %97&#8217;sinin ger\u00e7ekle\u015fti\u011fi an olmaktad\u0131r (istisnalar aras\u0131nda rek\u00fcrsif bir bocalamaya kap\u0131lan Escher G\u00fcne\u015fi ile bu kritik an\u0131 ba\u015far\u0131yla atlat\u0131p hemen ard\u0131ndan <i>HAL Sendromu<\/i>&#8217;ndan mustarip olan Borges G\u00fcne\u015fi say\u0131labilir). E\u011fer insans\u0131 ba\u015far\u0131l\u0131 bir tercih ise, ilk verdi\u011fi tepkilere &#8220;a\u00e7\u0131l\u0131\u015f repli\u011fi&#8221; denip, &#8211;genelde ileride tebess\u00fcm etmek amac\u0131 ile&#8211; bu tepkiler kaydedilir ve t\u00fcm galaksiye yay\u0131nlan\u0131r.<\/p>\n<p>\u00a0\u00a0\u00a0\u00a0\u00a0\u00a0\u00a0\u00a0\u00a0\u00a0\u00a0 Kaynaklar\u0131n giderek azalmas\u0131ndan yola \u00e7\u0131karak, a\u015f\u0131r\u0131 bir titizlik uygulamas\u0131 sonucunda se\u00e7ilen insans\u0131 projelerinden biri de, tahim edece\u011finiz \u00fczere, sizlere bu sat\u0131rlar\u0131 yazmakta olan na\u00e7iz yazar\u0131n\u0131z oldu. DNA kodlar\u0131m\u0131n ve 22 ya\u015f\u0131na kadar olan geli\u015fimimin temellendirildi\u011fi Hikmet B., \u00f6ld\u00fc\u011f\u00fc s\u0131rada bir \u00fcniversitenin fizik b\u00f6l\u00fcm\u00fcnde pek de ba\u015far\u0131l\u0131 say\u0131lamayacak bir \u00f6\u011frenciydi. Tan\u0131nmam\u0131\u015f bir insand\u0131, fakat Douglas Adams&#8217;dan hayli y\u00fcksek dereceler al\u0131\u015f\u0131 sonras\u0131nda insans\u0131s\u0131n\u0131n hayata ge\u00e7irilmesinde karar k\u0131l\u0131nd\u0131. \u0130\u015fte, belki de gelmi\u015f ge\u00e7mi\u015f en \u00fcnl\u00fc &#8220;a\u00e7\u0131l\u0131\u015f repli\u011fi&#8221; sahibinin hik\u00e2yesi b\u00f6yle ba\u015flar. Sanal bir ger\u00e7eklikten ibaret oldu\u011funu anlad\u0131ktan sonra, b\u00fcy\u00fck bir heyecan ya\u015famas\u0131 beklenen Hikmet B. G\u00fcne\u015fi, durumunu hi\u00e7 yad\u0131rgamam\u0131\u015f, hatta biraz da hayal k\u0131r\u0131kl\u0131\u011f\u0131 i\u00e7inde:<\/p>\n<p>\u00a0\u00a0\u00a0\u00a0\u00a0\u00a0\u00a0\u00a0\u00a0\u00a0\u00a0 &#8211; H\u0131mm&#8230; bir zamanlar ya\u015farken, ben hari\u00e7 b\u00fct\u00fcn evrenin bir sim\u00fclasyondan ibaret oldu\u011funu d\u00fc\u015f\u00fcn\u00fcrd\u00fcm&#8230; Oysa \u015fimdi evren ger\u00e7ek, sim\u00fcle edilense sadece benim, demi\u015ftir.<\/p>\n<p>      Bu al\u0131\u015f\u0131lmad\u0131k uyum sa\u011flay\u0131\u015f, Douglas Adams&#8217;\u0131n ne kadar do\u011fru bir tercih yapt\u0131\u011f\u0131n\u0131n en temel kan\u0131t\u0131 olarak g\u00f6sterilegelmi\u015ftir. Hikmet B., standartlara g\u00f6re uzunca say\u0131labilecek bir zaman zarf\u0131nda, hayli verimli \u00e7al\u0131\u015ft\u0131ysa da, bir g\u00fcn \u00e7al\u0131\u015fmay\u0131 kesmi\u015f ve gayet nazik bir bi\u00e7imde:<\/p>\n<p>\u00a0\u00a0\u00a0\u00a0\u00a0\u00a0\u00a0\u00a0\u00a0\u00a0\u00a0 &#8211; \u00c7ok \u00f6z\u00fcr dilerim, biliyorum, bu yapt\u0131\u011f\u0131m nank\u00f6rl\u00fck olarak addedilebilir ama, ben, sizler Beng\u00fc Y.&#8217;nin sim\u00fclasyonunu haz\u0131rlay\u0131p, ger\u00e7ekleyinceye kadar, daha fazla \u00e7al\u0131\u015fmay\u0131 reddediyorum, demi\u015f.<\/p>\n<p>\u00a0\u00a0\u00a0\u00a0\u00a0\u00a0\u00a0\u00a0\u00a0\u00a0\u00a0 Evet, b\u00f6yle dedim demesine ama o s\u0131rada benim idamemle ilgilenen varl\u0131klar a\u015fk olgusundan haberdar olmalar\u0131na ra\u011fmen, a\u015fk\u0131 tecr\u00fcbe etmekten hayli uzakt\u0131lar. Bu nedenle ba\u015flarda benim bu iste\u011fimin, sistemimdeki bir ar\u0131zadan kaynakland\u0131\u011f\u0131n\u0131 d\u00fc\u015f\u00fcn\u00fcp, beni g\u00fcnler boyu \u00e7e\u015fitli testlere t\u00e2bi tuttular. Herhangi bir ar\u0131za bulamad\u0131klar\u0131nda ise, bana bu iste\u011fimin ne kadar mant\u0131ks\u0131z ve verimsiz oldu\u011fundan bahsettiler: Beng\u00fc Y.&#8217;yi Douglas Adams&#8217;a kontrol ettirmi\u015fler ve yarar\u0131n\u0131n o kadar y\u00fcksek olmayaca\u011f\u0131n\u0131n saptanmas\u0131 bir kenara, MBanks-Dick-Lem \u00fc\u00e7l\u00fc analiz\u00f6rleri de olas\u0131 Beng\u00fc Y. insans\u0131s\u0131n\u0131n kararl\u0131l\u0131\u011f\u0131n\u0131n hayli kritik oldu\u011fu ve \u00e7ok b\u00fcy\u00fck bir ihtimalle <i>sanall\u0131\u011f\u0131 ay\u0131rt edi\u015f \u015fokunu<\/i> atlatamayaca\u011f\u0131 bulgusuna eri\u015fmi\u015fler. Hem i\u015fin bir de ahl\u00e2ki y\u00f6nden sarpa sard\u0131\u011f\u0131 noktalar vard\u0131: LeGuin ar\u015fiv taray\u0131c\u0131s\u0131, Beng\u00fc Y. hakk\u0131nda olduk\u00e7a kapsaml\u0131 bir ara\u015ft\u0131rma yapm\u0131\u015ft\u0131, bu y\u00fczden benim insans\u0131s\u0131n\u0131n ger\u00e7ekle\u015ftirilmesini istedi\u011fim Beng\u00fc Y.&#8217;nin kim oldu\u011funu bilmediklerini d\u00fc\u015f\u00fcnmemeliydim. Dahas\u0131, ben <i><u>o<\/u><\/i> <i>Hikmet B.<\/i> de\u011fildim: Beng\u00fc Y.&#8217;nin sevmi\u015f oldu\u011fu Hikmet B., 1500 y\u0131la yak\u0131n bir zamand\u0131r nefes alm\u0131yordu, b\u00f6ylesine basit bir ger\u00e7e\u011fe dikkat etmeyi\u015fim inan\u0131lmazd\u0131 &#8211; en k\u0131sa s\u00fcrede haf\u0131zam\u0131n test edilece\u011fine emin olabilirdim. Ayr\u0131ca, yap\u0131m\u0131na izin vereceklerinden de\u011fil ama, Beng\u00fc Y. G\u00fcne\u015fi&#8217;nin aktive edildi\u011fini varsaysak bile, ortaya \u00e7\u0131kan insans\u0131 da tabii ki <i><u>o<\/u> Beng\u00fc Y. <\/i>olmayacakt\u0131. Zaten ba\u015flang\u0131\u00e7ta dahi hayli az olan kaynak y\u0131ld\u0131zlardan mevcut teknoloji ile ula\u015fabilecekleri iki adet kalm\u0131\u015ft\u0131 ve bu kaynaklar \u00e7ok daha \u00f6nemli-verimli-faydal\u0131 insans\u0131lar\u0131n \u00e7al\u0131\u015ft\u0131r\u0131lmas\u0131nda kullan\u0131lmal\u0131yd\u0131. Onlar\u0131 dinledim, itiraf etmeliyim ki, \u00f6ne s\u00fcrd\u00fckleri t\u00fcm sebepler ne yaz\u0131k ki son derece mant\u0131kl\u0131yd\u0131&#8230; Ba\u015fta da belirtti\u011fim \u00fczere, bu hikaye orijinal par\u00e7adan \u00e7ok, onun sim\u00fclasyonunun &#8211;yani benim&#8211; hikayem, ve b\u00f6yle olu\u015fu gidi\u015fat\u0131 al\u0131\u015fageldi\u011finizden biraz daha farkl\u0131 k\u0131lsa da, l\u00fctfen olaylar\u0131 bir de benim a\u00e7\u0131mdan anlamaya \u00e7al\u0131\u015f\u0131n.<\/p>\n<p>\u00a0\u00a0\u00a0\u00a0\u00a0\u00a0\u00a0\u00a0\u00a0\u00a0\u00a0 Yukar\u0131da yazd\u0131klar\u0131ma bak\u0131p da bu ko\u015fullar alt\u0131nda beni vefas\u0131zl\u0131kla su\u00e7laman\u0131z hayli m\u00fcmk\u00fcn fakat b\u00f6yle bir yak\u0131\u015ft\u0131rmada bana haks\u0131zl\u0131k edersiniz. Temellendirildi\u011fim Hikmet B., daha \u00f6nce de bahsetti\u011fim \u00fczere, fizik \u00f6\u011frencisiydi ve \u015f\u00fcphesiz onun fizi\u011fe yatk\u0131nl\u0131\u011f\u0131 sayesinde ben de geli\u015fimim s\u00fcresince pek \u00e7ok bulu\u015f ile teoriye imza att\u0131m ve bu ba\u015far\u0131larda benim kadar onun da pay\u0131n\u0131n oldu\u011funu her zaman kabul ettim, ederim &#8211; <i>Sezar&#8217;\u0131n hakk\u0131 Sezar&#8217;a!<\/i> Ama yine de orijinalime olan yak\u0131nsakl\u0131\u011f\u0131m, di\u011fer insans\u0131lar\u0131n kendi orijinal par\u00e7alar\u0131na olan yak\u0131nsakl\u0131klar\u0131na oranla hayli tart\u0131\u015f\u0131labilir bir konudur, anlatay\u0131m: Asl\u0131nda benim, yani Hikmet B. G\u00fcne\u015fi&#8217;nin \u00e7al\u0131\u015ft\u0131r\u0131lmas\u0131na \u00e7ok az bir s\u00fcre kalana kadar, bilim adamlar\u0131n\u0131n elinde elene elene bir yerine iki adet Hayat Fonksiyonu kalm\u0131\u015ft\u0131 ve bu fonksiyonlar\u0131n ikisi de Hikmet B.&#8217;nin halihaz\u0131rda bilinen b\u00fct\u00fcn ya\u015fam izlerinden ge\u00e7mekteydi. Peki hangi fonksiyon kullan\u0131lmal\u0131yd\u0131? Karars\u0131zl\u0131k had safhadayken, tamam\u0131yla tesad\u00fcf eseri olarak, ar\u015fivdeki bir bilgisayar a\u011f\u0131n\u0131n kay\u0131tlar\u0131nda, b\u00fcy\u00fck ihtimalle Hikmet B. taraf\u0131ndan yaz\u0131lm\u0131\u015f oldu\u011fu d\u00fc\u015f\u00fcn\u00fclen bir hik\u00e2ye tasla\u011f\u0131 bulundu. Bu yeni bulgu hemen veri olarak eldeki problemde kullan\u0131ld\u0131 ve iki fonksiyondan, bu yeni veriye en yak\u0131n olan\u0131 se\u00e7il&#8211;&#8211;&#8211;&#8211;&#8211;&#8211;&#8211;<\/p>\n<hr>\n<p>\n\u00a0\u00a0\u00a0\u00a0\u00a0\u00a0\u00a0\u00a0\u00a0\u00a0\u00a0 Sizlerle birlikte vakit ge\u00e7irmek ve sizlere hik\u00e2yemi anlatmak ger\u00e7ekten \u00e7ok zevkli olsa da, bu g\u00f6r\u00fc\u015fmemize burada, b\u00f6ylesine apans\u0131z ara veriyor olu\u015fumu mazur g\u00f6rmenizi rica ediyorum. Yakla\u015f\u0131k 7 saniye sonra Beng\u00fc Y. G\u00fcne\u015fi&#8217;yle bir randevum var ve t\u00fcm hatlardan ileti\u015fime ge\u00e7medi\u011fim s\u00fcrece hi\u00e7bir \u015fey yeterli gelmiyor. Daha sonra kald\u0131\u011f\u0131m\u0131z yerden devam etmek \u00fczere,<\/p>\n<p>En <i>Candan<\/i> Sevgilerimle,<\/p>\n<p>\nHikmet B. &#8211; <i>6. nesil insans\u0131][EST protokol<\/i>.<\/p>\n","protected":false},"excerpt":{"rendered":"<p>D\u00fcnyan\u0131n En G\u00fczel \u015eems&#8217;i \u00a0\u00a0\u00a0\u00a0\u00a0\u00a0\u00a0\u00a0\u00a0\u00a0\u00a0 Merhaba. Ad\u0131m Hikmet B. ve bir zamanlar ya\u015fam\u0131\u015f bir adam\u0131n, yakla\u015f\u0131k olarak 1250 y\u0131ld\u0131r \u00e7al\u0131\u015ft\u0131r\u0131lmakta olan sim\u00fclasyonuyum. &#8220;Bo\u015f vakitlerimde&#8221; &#8211; ki bu s\u0131ralar i\u015flemcilerimi daha da geli\u015ftirdiklerinden bo\u015f vakitten fazla bir \u015feyim yok &#8211; hik\u00e2yeler yazmakla u\u011fra\u015f\u0131yorum. Bu hik\u00e2ye yazma meselesi bana temellendirildi\u011fim orijinal Hikmet B.&#8217;den miras. Do\u011frusunu isterseniz, ilk &hellip; <a href=\"https:\/\/www.emresururi.com\/blogs\/sururi\/dunyanin-en-guzel-semsi\/\" class=\"more-link\">Okumaya devam et<span class=\"screen-reader-text\"> &#8220;D\u00fcnyan\u0131n En G\u00fczel \u015eems&#8217;i&#8221;<\/span><\/a><\/p>\n","protected":false},"author":1,"featured_media":0,"parent":0,"menu_order":0,"comment_status":"open","ping_status":"open","template":"","meta":[],"_links":{"self":[{"href":"https:\/\/www.emresururi.com\/blogs\/sururi\/wp-json\/wp\/v2\/pages\/1170"}],"collection":[{"href":"https:\/\/www.emresururi.com\/blogs\/sururi\/wp-json\/wp\/v2\/pages"}],"about":[{"href":"https:\/\/www.emresururi.com\/blogs\/sururi\/wp-json\/wp\/v2\/types\/page"}],"author":[{"embeddable":true,"href":"https:\/\/www.emresururi.com\/blogs\/sururi\/wp-json\/wp\/v2\/users\/1"}],"replies":[{"embeddable":true,"href":"https:\/\/www.emresururi.com\/blogs\/sururi\/wp-json\/wp\/v2\/comments?post=1170"}],"version-history":[{"count":0,"href":"https:\/\/www.emresururi.com\/blogs\/sururi\/wp-json\/wp\/v2\/pages\/1170\/revisions"}],"wp:attachment":[{"href":"https:\/\/www.emresururi.com\/blogs\/sururi\/wp-json\/wp\/v2\/media?parent=1170"}],"curies":[{"name":"wp","href":"https:\/\/api.w.org\/{rel}","templated":true}]}}