{"id":298,"date":"2005-10-21T23:20:44","date_gmt":"2005-10-21T23:20:44","guid":{"rendered":""},"modified":"-0001-11-30T00:00:00","modified_gmt":"-0001-11-29T21:00:00","slug":"hava-lale-muldur","status":"publish","type":"page","link":"https:\/\/www.emresururi.com\/blogs\/sururi\/hava-lale-muldur\/","title":{"rendered":"Hava \/ Lale M\u00fcld\u00fcr"},"content":{"rendered":"<p>&#8220;Y\u0131llar \u00f6nce k\u0131zg\u0131n gen\u00e7 adamlard\u0131k&#8221;<br \/>\nKorkusuz yola \u00e7\u0131kan<br \/>\nDo\u011fudan bat\u0131ya, bat\u0131dan do\u011fuya<br \/>\nSay\u0131lar\u0131n ilmine varm\u0131\u015f<br \/>\nS\u00fcrg\u00fcnd\u00fck d\u00f6n\u00fc\u015fl\u00fc elemlere<br \/>\nFrank krallar\u0131n\u0131n kelam\u0131n\u0131 ta\u015f\u0131rd\u0131k<br \/>\nHa\u00e7l\u0131 seferlerinde<br \/>\nVe yaln\u0131zd\u0131k ve gezgindik ve yabanc\u0131yd\u0131k<br \/>\nBunun \u00e7\u00fcn \u00f6ld\u00fck ve yaraland\u0131k<br \/>\nAma kimi tan\u0131yoruz kimi tan\u0131yoruz<br \/>\nTan\u0131yoruz insanlar\u0131<br \/>\nAma kimi tan\u0131yoruz kimi tan\u0131yoruz<br \/>\nTan\u0131yoruz form\u00fclleri:<br \/>\nHAVA\/EL\u00c7\u0130=EL\u00c7\u0130\/SAVA<br \/>\nG\u00f6klerden bir yunus gibi indi\u011fini g\u00f6rd\u00fck<br \/>\nBir kay\u0131\u011f\u0131n i\u00e7inde \u00dcrd\u00fcn&#8217;de<br \/>\nSALT, MUTLAK, B\u00dcT\u00dcN, NET, YO\u011eUN, P\u00dcR, KEND\u0130NDE<br \/>\nA\u00e7\u0131k kap\u0131lar\u0131n \u00f6n\u00fcnde duruyordu bir sav\/ac\u0131, \u00fcrkek ve kanats\u0131z<br \/>\nA\u011flayarak ar\u0131yor kanatlar\u0131n\u0131n yans\u0131s\u0131n\u0131 yery\u00fcz\u00fcnde<br \/>\n&#8220;Y\u0131llar \u00f6nce k\u0131zg\u0131n gen\u00e7 adamlard\u0131k&#8221;<br \/>\nEkme\u011fe k\u0131yan<br \/>\nKi ekmek e\u015fitti masumlar\u0131n k\u0131y\u0131m\u0131na e\u015fitti Yuvarlak&#8217;a e\u015fitti Galile&#8217;ye<br \/>\nBir dilin kendi ekonomisi i\u00e7inde bu b\u00f6yle<br \/>\n\u015eimdi burada duruyoruz<br \/>\nBiraz daha \u00e7ok \u015feyler G\u00d6R\/GE\u00c7irmi\u015f<br \/>\nBiraz daha \u00f6l\u00fcme yak\u0131n<br \/>\nBiraz daha \u00f6l\u00fcmden uzak<br \/>\n\u0130ki d\u00fcnya aras\u0131nda el\u00e7i<br \/>\nUdun lavta oldu\u011funu bilecek kadar bat\u0131l\u0131<br \/>\nSaraband&#8217;\u0131n bir Arap raks\u0131 oldu\u011funu bilecek kadar do\u011fulu<br \/>\nDillerin geometrisi \u00fczerine ayak basm\u0131\u015f<br \/>\nEmin bir beldede<br \/>\nBiraz daha sizlere yak\u0131n<br \/>\nBiraz daha sizlerden uzak<br \/>\nK\u0131rm\u0131z\u0131 topraklarda<br \/>\nYe\u015fil bir perdenin \u00f6n\u00fcnde<br \/>\n\u00d6ylesine sakin hi\u00e7bir \u015fey olmam\u0131\u015f gibi<br \/>\nEldivensiz ve temkinli<br \/>\nBeyaz sandal a\u011fac\u0131n\u0131 bekler gibi<br \/>\nYan\u0131m\u0131zda elli safir kopya<br \/>\nCodex Borgia<br \/>\nYan\u0131m\u0131zda \u0130skenderiye el yazmalar\u0131<br \/>\n\u00d6n\u00fcm\u00fczde bir savs\u00f6z\u00fcn zenginli\u011fi, akl\u0131 ve ilmi<br \/>\nNe karanl\u0131k yollar\u0131 onun ne anla\u015f\u0131lmaz<br \/>\n&#8220;Y\u0131llar \u00f6nce k\u0131zg\u0131n gen\u00e7 adamlard\u0131k&#8221;<br \/>\nBunun \u00e7\u00fcn \u00f6ld\u00fck ve yaraland\u0131k<br \/>\nA\u011flayarak ula\u015ft\u0131r\u0131yoruz bunlar\u0131 size<br \/>\nHerkesin yan\u0131nda rezerve bir yer oldu\u011funu bildirmek i\u00e7in<br \/>\n\u0130\u015fte burada duruyoruz<br \/>\nVe soruyoruz: ka\u00e7 volt, ka\u00e7 volt, ka\u00e7 voltluksunuz<br \/>\nYan\u0131m\u0131zda elli safir kopya<br \/>\nCodex Borgia<br \/>\nHer\u015feyden ku\u015fku duyan hattatlar\u0131n tuttu\u011fu<br \/>\nKarbon kopya at\u00f6lyelerde yaz\u0131yoruz bunlar\u0131<br \/>\nBeyaz bir tebe\u015firle: Elif, Aleph, Alpha<br \/>\nKiril alfabesiyle yaz\u0131yoruz: A R \u00c6 H M A K<br \/>\n\u0130branice yaz\u0131yoruz: Aleph, Lamed, Mem<br \/>\nBa\u015fka bir gematrik dille yaz\u0131yoruz: Elif, Lam, Mim<br \/>\nB\u00fct\u00fcn saldala\u011fa\u00e7s\u0131lar\u0131, sandaletler, sandallar<br \/>\nVe s\u0131rra kadem basanlar i\u00e7in yaz\u0131yoruz<\/p>\n<p>                CEBRA\u0130L &#8211; TURUNCU EL\u00c7\u0130<br \/>\n                KURTAR B\u0130Z\u0130!<\/p>\n<p><b><i>Lale M\u00fcld\u00fcr \/ Voy\u0131c\u0131r 2 \u015eiirleri<\/i><\/b><\/p>\n","protected":false},"excerpt":{"rendered":"<p>&#8220;Y\u0131llar \u00f6nce k\u0131zg\u0131n gen\u00e7 adamlard\u0131k&#8221; Korkusuz yola \u00e7\u0131kan Do\u011fudan bat\u0131ya, bat\u0131dan do\u011fuya Say\u0131lar\u0131n ilmine varm\u0131\u015f S\u00fcrg\u00fcnd\u00fck d\u00f6n\u00fc\u015fl\u00fc elemlere Frank krallar\u0131n\u0131n kelam\u0131n\u0131 ta\u015f\u0131rd\u0131k Ha\u00e7l\u0131 seferlerinde Ve yaln\u0131zd\u0131k ve gezgindik ve yabanc\u0131yd\u0131k Bunun \u00e7\u00fcn \u00f6ld\u00fck ve yaraland\u0131k Ama kimi tan\u0131yoruz kimi tan\u0131yoruz Tan\u0131yoruz insanlar\u0131 Ama kimi tan\u0131yoruz kimi tan\u0131yoruz Tan\u0131yoruz form\u00fclleri: HAVA\/EL\u00c7\u0130=EL\u00c7\u0130\/SAVA G\u00f6klerden bir yunus gibi indi\u011fini &hellip; <a href=\"https:\/\/www.emresururi.com\/blogs\/sururi\/hava-lale-muldur\/\" class=\"more-link\">Okumaya devam et<span class=\"screen-reader-text\"> &#8220;Hava \/ Lale M\u00fcld\u00fcr&#8221;<\/span><\/a><\/p>\n","protected":false},"author":1,"featured_media":0,"parent":0,"menu_order":0,"comment_status":"open","ping_status":"open","template":"","meta":[],"_links":{"self":[{"href":"https:\/\/www.emresururi.com\/blogs\/sururi\/wp-json\/wp\/v2\/pages\/298"}],"collection":[{"href":"https:\/\/www.emresururi.com\/blogs\/sururi\/wp-json\/wp\/v2\/pages"}],"about":[{"href":"https:\/\/www.emresururi.com\/blogs\/sururi\/wp-json\/wp\/v2\/types\/page"}],"author":[{"embeddable":true,"href":"https:\/\/www.emresururi.com\/blogs\/sururi\/wp-json\/wp\/v2\/users\/1"}],"replies":[{"embeddable":true,"href":"https:\/\/www.emresururi.com\/blogs\/sururi\/wp-json\/wp\/v2\/comments?post=298"}],"version-history":[{"count":0,"href":"https:\/\/www.emresururi.com\/blogs\/sururi\/wp-json\/wp\/v2\/pages\/298\/revisions"}],"wp:attachment":[{"href":"https:\/\/www.emresururi.com\/blogs\/sururi\/wp-json\/wp\/v2\/media?parent=298"}],"curies":[{"name":"wp","href":"https:\/\/api.w.org\/{rel}","templated":true}]}}