{"id":5684,"date":"2013-10-30T22:02:39","date_gmt":"2013-10-30T22:02:39","guid":{"rendered":""},"modified":"-0001-11-30T00:00:00","modified_gmt":"-0001-11-29T21:00:00","slug":"yeni-baslayanlar-icin-est-youre-such-a-lovely-audience","status":"publish","type":"page","link":"https:\/\/www.emresururi.com\/blogs\/sururi\/yeni-baslayanlar-icin-est-youre-such-a-lovely-audience\/","title":{"rendered":"yeni ba\u015flayanlar i\u00e7in EST&#8230; (you&#8217;re such a lovely audience"},"content":{"rendered":"<p><em>&#8230;you&#8217;re such a lovely audience \/ we&#8217;d like to take you home with us<\/em><\/p>\n<p>demi\u015f vaktiyle fab4 el sabunlar\u0131. Geldi\u011fimizden beri can s\u0131k\u0131nt\u0131m bir t&uuml;rl&uuml; ge&ccedil;mek bilmedi, falc\u0131lara sordum, &quot;senin y&uuml;re\u011fin kabarm\u0131\u015f&quot; dediler, an\u0131lara sordum s&ouml;ylemediler (izlerini nerede arar\u0131m senin). O de\u011fil de, yeni birileriyle tan\u0131\u015ft\u0131\u011f\u0131m zaman, niyeyse benim gibi hemen bilgisayar\u0131n\u0131 a&ccedil;\u0131p hakk\u0131mda arama yapacakm\u0131\u015f gibime geliyor (ki yok &ouml;yle bir \u015fey asl\u0131nda). \u0130\u015fin k&ouml;t&uuml;s&uuml; de, asl\u0131nda k&ouml;t&uuml; demeyelim de, Murphy diyelim mesela -ya da <em><a href=\"http:\/\/xkcd.com\/668\/\">xkcd&#8217;nin \u015fu Pandora autoplay modu<\/a><\/em> gibi oluyor diyelim. Ben bir de &ccedil;ok okurum eski yazd\u0131klar\u0131m\u0131, severim de, zaten bizde normal yok.<\/p>\n<p>Hal b&ouml;yle iken, &quot;yeni ba\u015flayanlar i&ccedil;in Emre Sururi&quot; niyetine, b&ouml;yle tan\u0131nmak istedi\u011fim, isteyesimin geleyazd\u0131\u011f\u0131 ba\u015fl\u0131klar\u0131 bir listede toplayay\u0131m dedim. Bulduk&ccedil;a eklerim, ba\u015fl\u0131klar alt\u0131nda toplar\u0131m, hem statik sayfa, ba\u015f a\u011fr\u0131tmaz, g&ouml;z &ccedil;\u0131kartmaz (beni ge&ccedil;irmeye karde\u015fim gelmesin&#8230;). &Ouml;zetle bu giri\u015f benkendimruhibey hakk\u0131nda olacak sadece (Latif Demirci, 40. Sanat Y\u0131l\u0131).<\/p>\n<p>Pek de tan\u0131mad\u0131\u011f\u0131m, g&uuml;zel insanlar hakk\u0131nda bir yaz\u0131:&nbsp;<a href=\"index.php?msg=165\">g&uuml;zel insanlar..<\/a>&nbsp;[22 Eyl&uuml;l 2005] + <a href=\"index.php?msg=460\">dilemma<\/a> [17 \u015eubat 2006]<\/p>\n<p>Yak\u0131nmalar, d&uuml;zelmelere dair:&nbsp;<a href=\"index.php?msg=352\">ilhan irem<\/a> [11 Kas\u0131m 2005]<\/p>\n<p>K&uuml;lt&uuml;r, sanat:&nbsp;<a href=\"index.php?msg=530\">must be dreaming..<\/a> [29 Mart 2006] +&nbsp;<a href=\"index.php?msg=627\">\u0130ki film birden ku\u015fa\u011f\u0131..<\/a> [14 May\u0131s 2006]<\/p>\n<p><br type=\"_moz\" \/><\/p>\n","protected":false},"excerpt":{"rendered":"<p>&#8230;you&#8217;re such a lovely audience \/ we&#8217;d like to take you home with us demi\u015f vaktiyle fab4 el sabunlar\u0131. Geldi\u011fimizden beri can s\u0131k\u0131nt\u0131m bir t&uuml;rl&uuml; ge&ccedil;mek bilmedi, falc\u0131lara sordum, &quot;senin y&uuml;re\u011fin kabarm\u0131\u015f&quot; dediler, an\u0131lara sordum s&ouml;ylemediler (izlerini nerede arar\u0131m senin). O de\u011fil de, yeni birileriyle tan\u0131\u015ft\u0131\u011f\u0131m zaman, niyeyse benim gibi hemen bilgisayar\u0131n\u0131 a&ccedil;\u0131p hakk\u0131mda arama &hellip; <a href=\"https:\/\/www.emresururi.com\/blogs\/sururi\/yeni-baslayanlar-icin-est-youre-such-a-lovely-audience\/\" class=\"more-link\">Okumaya devam et<span class=\"screen-reader-text\"> &#8220;yeni ba\u015flayanlar i\u00e7in EST&#8230; (you&#8217;re such a lovely audience&#8221;<\/span><\/a><\/p>\n","protected":false},"author":1,"featured_media":0,"parent":0,"menu_order":0,"comment_status":"open","ping_status":"open","template":"","meta":[],"_links":{"self":[{"href":"https:\/\/www.emresururi.com\/blogs\/sururi\/wp-json\/wp\/v2\/pages\/5684"}],"collection":[{"href":"https:\/\/www.emresururi.com\/blogs\/sururi\/wp-json\/wp\/v2\/pages"}],"about":[{"href":"https:\/\/www.emresururi.com\/blogs\/sururi\/wp-json\/wp\/v2\/types\/page"}],"author":[{"embeddable":true,"href":"https:\/\/www.emresururi.com\/blogs\/sururi\/wp-json\/wp\/v2\/users\/1"}],"replies":[{"embeddable":true,"href":"https:\/\/www.emresururi.com\/blogs\/sururi\/wp-json\/wp\/v2\/comments?post=5684"}],"version-history":[{"count":0,"href":"https:\/\/www.emresururi.com\/blogs\/sururi\/wp-json\/wp\/v2\/pages\/5684\/revisions"}],"wp:attachment":[{"href":"https:\/\/www.emresururi.com\/blogs\/sururi\/wp-json\/wp\/v2\/media?parent=5684"}],"curies":[{"name":"wp","href":"https:\/\/api.w.org\/{rel}","templated":true}]}}